{"id":94,"date":"2017-01-24T09:33:42","date_gmt":"2017-01-24T14:33:42","guid":{"rendered":"http:\/\/krusetraining.stgng.com\/?page_id=94"},"modified":"2022-02-17T11:01:23","modified_gmt":"2022-02-17T16:01:23","slug":"certification","status":"publish","type":"page","link":"https:\/\/krusetraining.com\/espanol\/certification\/","title":{"rendered":"Certificaci\u00f3n"},"content":{"rendered":"<p><strong><img loading=\"lazy\" decoding=\"async\" class=\"alignleft wp-image-139 size-full\" src=\"https:\/\/krusetraining.com\/espanol\/wp-content\/uploads\/sites\/4\/2017\/01\/icon-certification.png\" alt=\"Certification Icon\" width=\"100\" height=\"101\" srcset=\"https:\/\/krusetraining.com\/espanol\/wp-content\/uploads\/sites\/4\/2017\/01\/icon-certification.png 100w, https:\/\/krusetraining.com\/espanol\/wp-content\/uploads\/sites\/4\/2017\/01\/icon-certification-99x100.png 99w, https:\/\/krusetraining.com\/espanol\/wp-content\/uploads\/sites\/4\/2017\/01\/icon-certification-50x50.png 50w\" sizes=\"auto, (max-width: 100px) 100vw, 100px\" \/><\/strong><\/p>\n<p>El programa de certificaci\u00f3n &#8220;C\u00edrculo del Conocimiento&#8221; se compone de cinco niveles, incluido un Master \u201cC\u00edrculo del Conocimiento&#8221;. Nivel experto. Cada nivel consta de m\u00faltiples lecciones sobre diversos temas, incluidos los fundamentos del moldeo, los materiales polim\u00e9ricos, el dise\u00f1o de partes, el dise\u00f1o de moldes y el procesamiento. Otras secciones se centran en defectos de moldeo, procesos especiales y arte- a &#8211; parte. Adem\u00e1s, todas las lecciones contienen un cuestionario para probar la comprensi\u00f3n del material por parte del aprendiz. El progreso puede ser rastreado y monitoreado por un supervisor para garantizar una finalizaci\u00f3n satisfactoria, seguido de una prueba de certificaci\u00f3n final para cada nivel.<\/p>\n<hr \/>\n<p>Kruse Training ahora ofrece certificaci\u00f3n para completar con \u00e9xito la capacitaci\u00f3n de Nivel 1. Las lecciones en este nivel cubren temas en las siguientes categor\u00edas: Fundamentos de moldeo, Materiales pol\u00edmeros, Dise\u00f1o de partes, Dise\u00f1o de moldes y Procesamiento. La duraci\u00f3n de los videos de lecciones de Nivel 1 es generalmente de entre 10 y 20 minutos. Cada lecci\u00f3n tiene un cuestionario asociado de 3 preguntas &#8220;pruebe sus conocimientos&#8221; disponible (no es obligatorio para la certificaci\u00f3n).<\/p>\n<p><strong><a href=\"https:\/\/krusetraining.com\/certification\/level-1-certification-lessons\/\">Lista completa de lecciones de nivel 1 est\u00e1 disponible aqu\u00ed.<\/a><\/strong><\/p>\n<p><strong>Requerimientos<\/strong><\/p>\n<p>La certificaci\u00f3n se otorgar\u00e1 a las personas que hayan visto las 70 lecciones de Nivel 1 y completen con \u00e9xito un examen de certificaci\u00f3n final.<\/p>\n<p>Las lecciones se &#8220;completan&#8221; cuando el video de la lecci\u00f3n se ha visto hasta el final. Despu\u00e9s de que un video haya terminado de reproducirse, lo ver\u00e1 como completado en su p\u00e1gina &#8220;Mi progreso&#8221;.<\/p>\n<p>Alentamos a nuestros estudiantes de ingenier\u00eda a ver todas las lecciones varias veces para comprender completamente el contenido antes de intentar el examen final de certificaci\u00f3n.<\/p>\n<p>Hay varias maneras de ver su progreso. La flecha naranja en la captura de pantalla a continuaci\u00f3n indica el porcentaje completado en el Nivel 1. Adem\u00e1s, al hacer clic en el Nivel 1 en el lado derecho de la pantalla, se despliega un men\u00fa de la lista completa de lecciones junto con un c\u00edrculo que muestra su estado de finalizaci\u00f3n. Un c\u00edrculo verde indica que la lecci\u00f3n ha sido vista completamente.<\/p>\n<p><img loading=\"lazy\" decoding=\"async\" class=\"alignleft wp-image-1825 size-full\" src=\"https:\/\/krusetraining.com\/espanol\/wp-content\/uploads\/sites\/4\/2020\/01\/progress.jpg\" alt=\"progress page for certification\" width=\"1892\" height=\"944\" srcset=\"https:\/\/krusetraining.com\/espanol\/wp-content\/uploads\/sites\/4\/2020\/01\/progress.jpg 1892w, https:\/\/krusetraining.com\/espanol\/wp-content\/uploads\/sites\/4\/2020\/01\/progress-300x150.jpg 300w, https:\/\/krusetraining.com\/espanol\/wp-content\/uploads\/sites\/4\/2020\/01\/progress-1024x511.jpg 1024w, https:\/\/krusetraining.com\/espanol\/wp-content\/uploads\/sites\/4\/2020\/01\/progress-768x383.jpg 768w, https:\/\/krusetraining.com\/espanol\/wp-content\/uploads\/sites\/4\/2020\/01\/progress-100x50.jpg 100w, https:\/\/krusetraining.com\/espanol\/wp-content\/uploads\/sites\/4\/2020\/01\/progress-1536x766.jpg 1536w, https:\/\/krusetraining.com\/espanol\/wp-content\/uploads\/sites\/4\/2020\/01\/progress-185x91.jpg 185w\" sizes=\"auto, (max-width: 1892px) 100vw, 1892px\" \/><\/p>\n<p>Las lecciones se pueden ver consecutivamente o individualmente en cualquier orden.<\/p>\n<p>Hay 3 preguntas de prueba &#8220;prueba tus conocimientos&#8221; disponibles al final de cada lecci\u00f3n. Las respuestas a las preguntas del cuestionario aparecer\u00e1n despu\u00e9s de enviar sus respuestas y proporciona un numero correspondiente de diapositiva para la revisi\u00f3n del contenido. Se recomienda que realice estos cuestionarios para garantizar su comprensi\u00f3n del material y familiarizarse con el formato del examen final. Estos cuestionarios se pueden tomar con la frecuencia necesaria y los resultados no se registran.<\/p>\n<p><strong>Puntuaci\u00f3n<\/strong><\/p>\n<p>Una vez que env\u00ede el examen, recibir\u00e1 autom\u00e1ticamente sus resultados.<\/p>\n<p><strong>SE REQUIERE UNA PUNTUACI\u00d3N M\u00cdNIMA DEL 80% PARA LA CERTIFICACI\u00d3N.<\/strong><\/p>\n<p>Kruse Training Certificaci\u00f3n se otorga en tres grados, dependiendo de su calificaci\u00f3n final:<\/p>\n<ul>\n<li><strong>96-100% Certificaci\u00f3n Master<\/strong><\/li>\n<li><strong>90-95% Certificaci\u00f3n Oro<\/strong><\/li>\n<li><strong>80-89% Certificaci\u00f3n Plata<\/strong><\/li>\n<\/ul>\n<p>Si recibi\u00f3 una calificaci\u00f3n aprobatoria, Kruse Training le enviar\u00e1 por correo electr\u00f3nico un certificado que indique la certificaci\u00f3n Master, Gold o Silver e incluya su nombre, fecha de finalizaci\u00f3n y nivel.<\/p>\n<p>Si no recibe un puntaje de aprobaci\u00f3n en la prueba final, ser\u00e1 elegible para volver a tomar la prueba despu\u00e9s de un per\u00edodo de 6 meses.<\/p>\n<p><strong>Examen final de certificaci\u00f3n*<\/strong><\/p>\n<p><img loading=\"lazy\" decoding=\"async\" class=\"wp-image-1826 alignnone\" src=\"https:\/\/krusetraining.com\/espanol\/wp-content\/uploads\/sites\/4\/2020\/01\/check-150x150.png\" alt=\"check mark\" width=\"50\" height=\"47\" srcset=\"https:\/\/krusetraining.com\/espanol\/wp-content\/uploads\/sites\/4\/2020\/01\/check-300x285.png 300w, https:\/\/krusetraining.com\/espanol\/wp-content\/uploads\/sites\/4\/2020\/01\/check-100x95.png 100w, https:\/\/krusetraining.com\/espanol\/wp-content\/uploads\/sites\/4\/2020\/01\/check.png 395w\" sizes=\"auto, (max-width: 50px) 100vw, 50px\" \/>El examen final es de 100 preguntas de opci\u00f3n m\u00faltiple y verdaderas\/falsas.<\/p>\n<p><img loading=\"lazy\" decoding=\"async\" class=\"wp-image-1826 alignnone\" src=\"https:\/\/krusetraining.com\/espanol\/wp-content\/uploads\/sites\/4\/2020\/01\/check-150x150.png\" alt=\"check mark\" width=\"50\" height=\"47\" srcset=\"https:\/\/krusetraining.com\/espanol\/wp-content\/uploads\/sites\/4\/2020\/01\/check-300x285.png 300w, https:\/\/krusetraining.com\/espanol\/wp-content\/uploads\/sites\/4\/2020\/01\/check-100x95.png 100w, https:\/\/krusetraining.com\/espanol\/wp-content\/uploads\/sites\/4\/2020\/01\/check.png 395w\" sizes=\"auto, (max-width: 50px) 100vw, 50px\" \/>Tendr\u00e1 90 minutos para completar el examen.<\/p>\n<p><img loading=\"lazy\" decoding=\"async\" class=\"wp-image-1826 alignnone\" src=\"https:\/\/krusetraining.com\/espanol\/wp-content\/uploads\/sites\/4\/2020\/01\/check-150x150.png\" alt=\"check mark\" width=\"50\" height=\"47\" srcset=\"https:\/\/krusetraining.com\/espanol\/wp-content\/uploads\/sites\/4\/2020\/01\/check-300x285.png 300w, https:\/\/krusetraining.com\/espanol\/wp-content\/uploads\/sites\/4\/2020\/01\/check-100x95.png 100w, https:\/\/krusetraining.com\/espanol\/wp-content\/uploads\/sites\/4\/2020\/01\/check.png 395w\" sizes=\"auto, (max-width: 50px) 100vw, 50px\" \/>Todas las preguntas deben ser respondidas. Si pierde una pregunta, recibir\u00e1 una alerta, pero si env\u00eda el examen con preguntas sin respuesta, se marcar\u00e1n como incorrectas.<\/p>\n<p><img loading=\"lazy\" decoding=\"async\" class=\"wp-image-1826 alignnone\" src=\"https:\/\/krusetraining.com\/espanol\/wp-content\/uploads\/sites\/4\/2020\/01\/check-150x150.png\" alt=\"check mark\" width=\"50\" height=\"47\" srcset=\"https:\/\/krusetraining.com\/espanol\/wp-content\/uploads\/sites\/4\/2020\/01\/check-300x285.png 300w, https:\/\/krusetraining.com\/espanol\/wp-content\/uploads\/sites\/4\/2020\/01\/check-100x95.png 100w, https:\/\/krusetraining.com\/espanol\/wp-content\/uploads\/sites\/4\/2020\/01\/check.png 395w\" sizes=\"auto, (max-width: 50px) 100vw, 50px\" \/>Despu\u00e9s de enviar el examen, recibir\u00e1 inmediatamente su calificaci\u00f3n.<\/p>\n<p><img loading=\"lazy\" decoding=\"async\" class=\"wp-image-1826 alignnone\" src=\"https:\/\/krusetraining.com\/espanol\/wp-content\/uploads\/sites\/4\/2020\/01\/check-150x150.png\" alt=\"check mark\" width=\"50\" height=\"47\" srcset=\"https:\/\/krusetraining.com\/espanol\/wp-content\/uploads\/sites\/4\/2020\/01\/check-300x285.png 300w, https:\/\/krusetraining.com\/espanol\/wp-content\/uploads\/sites\/4\/2020\/01\/check-100x95.png 100w, https:\/\/krusetraining.com\/espanol\/wp-content\/uploads\/sites\/4\/2020\/01\/check.png 395w\" sizes=\"auto, (max-width: 50px) 100vw, 50px\" \/>Puede usar las flechas hacia atr\u00e1s y hacia adelante dentro de la ventana de su examen para verificar su trabajo.\u00a0<strong>Tenga en cuenta que el uso de las flechas del navegador hacia atr\u00e1s y hacia adelante dar\u00e1 como resultado el restablecimiento de las preguntas de la prueba, pero no el temporizador.<\/strong><\/p>\n<p><img loading=\"lazy\" decoding=\"async\" class=\"wp-image-1826 alignnone\" src=\"https:\/\/krusetraining.com\/espanol\/wp-content\/uploads\/sites\/4\/2020\/01\/check-150x150.png\" alt=\"check mark\" width=\"50\" height=\"47\" srcset=\"https:\/\/krusetraining.com\/espanol\/wp-content\/uploads\/sites\/4\/2020\/01\/check-300x285.png 300w, https:\/\/krusetraining.com\/espanol\/wp-content\/uploads\/sites\/4\/2020\/01\/check-100x95.png 100w, https:\/\/krusetraining.com\/espanol\/wp-content\/uploads\/sites\/4\/2020\/01\/check.png 395w\" sizes=\"auto, (max-width: 50px) 100vw, 50px\" \/>Recibir\u00e1 una alerta de advertencia cuando le queden 10 minutos en el temporizador y nuevamente a los 5 minutos. Tenga en cuenta que el temporizador se agota y no ha completado todas las preguntas que se marcar\u00e1n como incorrectas.<\/p>\n<p><img loading=\"lazy\" decoding=\"async\" class=\"wp-image-1827 alignnone\" src=\"https:\/\/krusetraining.com\/espanol\/wp-content\/uploads\/sites\/4\/2020\/01\/xmark.png\" alt=\"x-mark\" width=\"50\" height=\"47\" srcset=\"https:\/\/krusetraining.com\/espanol\/wp-content\/uploads\/sites\/4\/2020\/01\/xmark.png 245w, https:\/\/krusetraining.com\/espanol\/wp-content\/uploads\/sites\/4\/2020\/01\/xmark-100x93.png 100w\" sizes=\"auto, (max-width: 50px) 100vw, 50px\" \/>\u00a0 El examen no se puede pausar. Una vez que comience el examen, debe completarlo dentro del l\u00edmite de tiempo de 90 minutos.<\/p>\n<p><img loading=\"lazy\" decoding=\"async\" class=\"wp-image-1827 alignnone\" src=\"https:\/\/krusetraining.com\/espanol\/wp-content\/uploads\/sites\/4\/2020\/01\/xmark.png\" alt=\"x-mark\" width=\"50\" height=\"47\" srcset=\"https:\/\/krusetraining.com\/espanol\/wp-content\/uploads\/sites\/4\/2020\/01\/xmark.png 245w, https:\/\/krusetraining.com\/espanol\/wp-content\/uploads\/sites\/4\/2020\/01\/xmark-100x93.png 100w\" sizes=\"auto, (max-width: 50px) 100vw, 50px\" \/>\u00a0 No utilice las flechas hacia atr\u00e1s y hacia adelante del navegador durante el examen. El uso de estas flechas resultar\u00e1 en la p\u00e9rdida de sus respuestas. Las flechas hacia atr\u00e1s y hacia adelante estar\u00e1n disponibles dentro de la ventana de su examen.<\/p>\n<p><em>* Un enlace al examen final de certificaci\u00f3n estar\u00e1 disponible en la p\u00e1gina &#8220;Mi progreso&#8221; despu\u00e9s de completar al 100% todas las lecciones.<\/em><\/p>\n<p>&nbsp;<\/p>\n","protected":false},"excerpt":{"rendered":"<p>El programa de certificaci\u00f3n &#8220;C\u00edrculo del Conocimiento&#8221; se compone de cinco niveles, incluido un Master \u201cC\u00edrculo del Conocimiento&#8221;. Nivel experto. Cada nivel consta de m\u00faltiples lecciones sobre diversos temas, incluidos los fundamentos del moldeo, los materiales polim\u00e9ricos, el dise\u00f1o de partes, el dise\u00f1o de moldes y el procesamiento. Otras secciones se centran en defectos de [&hellip;]<\/p>\n","protected":false},"author":3,"featured_media":0,"parent":0,"menu_order":0,"comment_status":"closed","ping_status":"closed","template":"","meta":{"_acf_changed":false,"om_disable_all_campaigns":false,"footnotes":""},"class_list":["post-94","page","type-page","status-publish","hentry"],"acf":[],"yoast_head":"<!-- This site is optimized with the Yoast SEO Premium plugin v27.0 (Yoast SEO v27.4) - https:\/\/yoast.com\/product\/yoast-seo-premium-wordpress\/ -->\n<title>Certificaci\u00f3n for Injection Molding Professionals - Kruse Training (Spanish)<\/title>\n<meta name=\"description\" content=\"Multi-level certification for injection molding professionals. Learn more about training and certification for you and your team with Kruse Training.\" \/>\n<meta name=\"robots\" content=\"index, follow, max-snippet:-1, max-image-preview:large, max-video-preview:-1\" \/>\n<link rel=\"canonical\" href=\"https:\/\/krusetraining.com\/espanol\/certification\/\" \/>\n<meta property=\"og:locale\" content=\"es_MX\" \/>\n<meta property=\"og:type\" content=\"article\" \/>\n<meta property=\"og:title\" content=\"Certificaci\u00f3n\" \/>\n<meta property=\"og:description\" content=\"Multi-level certification for injection molding professionals. Learn more about training and certification for you and your team with Kruse Training.\" \/>\n<meta property=\"og:url\" content=\"https:\/\/krusetraining.com\/espanol\/certification\/\" \/>\n<meta property=\"og:site_name\" content=\"Kruse Training (Spanish)\" \/>\n<meta property=\"article:modified_time\" content=\"2022-02-17T16:01:23+00:00\" \/>\n<meta property=\"og:image\" content=\"https:\/\/krusetraining.com\/espanol\/wp-content\/uploads\/sites\/4\/2017\/01\/icon-certification.png\" \/>\n<meta name=\"twitter:card\" content=\"summary_large_image\" \/>\n<meta name=\"twitter:site\" content=\"@krusetraining\" \/>\n<meta name=\"twitter:label1\" content=\"Tiempo de lectura\" \/>\n\t<meta name=\"twitter:data1\" content=\"6 minutos\" \/>\n<script type=\"application\/ld+json\" class=\"yoast-schema-graph\">{\"@context\":\"https:\\\/\\\/schema.org\",\"@graph\":[{\"@type\":\"WebPage\",\"@id\":\"https:\\\/\\\/krusetraining.com\\\/espanol\\\/certification\\\/\",\"url\":\"https:\\\/\\\/krusetraining.com\\\/espanol\\\/certification\\\/\",\"name\":\"Certificaci\u00f3n for Injection Molding Professionals - Kruse Training (Spanish)\",\"isPartOf\":{\"@id\":\"https:\\\/\\\/krusetraining.com\\\/espanol\\\/#website\"},\"primaryImageOfPage\":{\"@id\":\"https:\\\/\\\/krusetraining.com\\\/espanol\\\/certification\\\/#primaryimage\"},\"image\":{\"@id\":\"https:\\\/\\\/krusetraining.com\\\/espanol\\\/certification\\\/#primaryimage\"},\"thumbnailUrl\":\"https:\\\/\\\/krusetraining.com\\\/espanol\\\/wp-content\\\/uploads\\\/sites\\\/4\\\/2017\\\/01\\\/icon-certification.png\",\"datePublished\":\"2017-01-24T14:33:42+00:00\",\"dateModified\":\"2022-02-17T16:01:23+00:00\",\"description\":\"Multi-level certification for injection molding professionals. Learn more about training and certification for you and your team with Kruse Training.\",\"breadcrumb\":{\"@id\":\"https:\\\/\\\/krusetraining.com\\\/espanol\\\/certification\\\/#breadcrumb\"},\"inLanguage\":\"es\",\"potentialAction\":[{\"@type\":\"ReadAction\",\"target\":[\"https:\\\/\\\/krusetraining.com\\\/espanol\\\/certification\\\/\"]}]},{\"@type\":\"ImageObject\",\"inLanguage\":\"es\",\"@id\":\"https:\\\/\\\/krusetraining.com\\\/espanol\\\/certification\\\/#primaryimage\",\"url\":\"https:\\\/\\\/krusetraining.com\\\/espanol\\\/wp-content\\\/uploads\\\/sites\\\/4\\\/2017\\\/01\\\/icon-certification.png\",\"contentUrl\":\"https:\\\/\\\/krusetraining.com\\\/espanol\\\/wp-content\\\/uploads\\\/sites\\\/4\\\/2017\\\/01\\\/icon-certification.png\",\"width\":100,\"height\":101,\"caption\":\"icon-certification\"},{\"@type\":\"BreadcrumbList\",\"@id\":\"https:\\\/\\\/krusetraining.com\\\/espanol\\\/certification\\\/#breadcrumb\",\"itemListElement\":[{\"@type\":\"ListItem\",\"position\":1,\"name\":\"Home\",\"item\":\"https:\\\/\\\/krusetraining.com\\\/espanol\\\/\"},{\"@type\":\"ListItem\",\"position\":2,\"name\":\"Certificaci\u00f3n\"}]},{\"@type\":\"WebSite\",\"@id\":\"https:\\\/\\\/krusetraining.com\\\/espanol\\\/#website\",\"url\":\"https:\\\/\\\/krusetraining.com\\\/espanol\\\/\",\"name\":\"Kruse Training (Spanish)\",\"description\":\"\",\"publisher\":{\"@id\":\"https:\\\/\\\/krusetraining.com\\\/espanol\\\/#organization\"},\"potentialAction\":[{\"@type\":\"SearchAction\",\"target\":{\"@type\":\"EntryPoint\",\"urlTemplate\":\"https:\\\/\\\/krusetraining.com\\\/espanol\\\/?s={search_term_string}\"},\"query-input\":{\"@type\":\"PropertyValueSpecification\",\"valueRequired\":true,\"valueName\":\"search_term_string\"}}],\"inLanguage\":\"es\"},{\"@type\":\"Organization\",\"@id\":\"https:\\\/\\\/krusetraining.com\\\/espanol\\\/#organization\",\"name\":\"Kruse Training\",\"url\":\"https:\\\/\\\/krusetraining.com\\\/espanol\\\/\",\"logo\":{\"@type\":\"ImageObject\",\"inLanguage\":\"es\",\"@id\":\"https:\\\/\\\/krusetraining.com\\\/espanol\\\/#\\\/schema\\\/logo\\\/image\\\/\",\"url\":\"https:\\\/\\\/krusetraining.com\\\/espanol\\\/wp-content\\\/uploads\\\/sites\\\/4\\\/2018\\\/06\\\/KT-LOGO.jpg\",\"contentUrl\":\"https:\\\/\\\/krusetraining.com\\\/espanol\\\/wp-content\\\/uploads\\\/sites\\\/4\\\/2018\\\/06\\\/KT-LOGO.jpg\",\"width\":1968,\"height\":1411,\"caption\":\"Kruse Training\"},\"image\":{\"@id\":\"https:\\\/\\\/krusetraining.com\\\/espanol\\\/#\\\/schema\\\/logo\\\/image\\\/\"},\"sameAs\":[\"https:\\\/\\\/x.com\\\/krusetraining\",\"https:\\\/\\\/www.linkedin.com\\\/in\\\/kruseanalysis\\\/\",\"https:\\\/\\\/www.youtube.com\\\/channel\\\/UC2lPoGtSbSMB0BdRgbHm7qw\"]}]}<\/script>\n<!-- \/ Yoast SEO Premium plugin. -->","yoast_head_json":{"title":"Certificaci\u00f3n for Injection Molding Professionals - Kruse Training (Spanish)","description":"Multi-level certification for injection molding professionals. Learn more about training and certification for you and your team with Kruse Training.","robots":{"index":"index","follow":"follow","max-snippet":"max-snippet:-1","max-image-preview":"max-image-preview:large","max-video-preview":"max-video-preview:-1"},"canonical":"https:\/\/krusetraining.com\/espanol\/certification\/","og_locale":"es_MX","og_type":"article","og_title":"Certificaci\u00f3n","og_description":"Multi-level certification for injection molding professionals. Learn more about training and certification for you and your team with Kruse Training.","og_url":"https:\/\/krusetraining.com\/espanol\/certification\/","og_site_name":"Kruse Training (Spanish)","article_modified_time":"2022-02-17T16:01:23+00:00","og_image":[{"url":"https:\/\/krusetraining.com\/espanol\/wp-content\/uploads\/sites\/4\/2017\/01\/icon-certification.png","type":"","width":"","height":""}],"twitter_card":"summary_large_image","twitter_site":"@krusetraining","twitter_misc":{"Tiempo de lectura":"6 minutos"},"schema":{"@context":"https:\/\/schema.org","@graph":[{"@type":"WebPage","@id":"https:\/\/krusetraining.com\/espanol\/certification\/","url":"https:\/\/krusetraining.com\/espanol\/certification\/","name":"Certificaci\u00f3n for Injection Molding Professionals - Kruse Training (Spanish)","isPartOf":{"@id":"https:\/\/krusetraining.com\/espanol\/#website"},"primaryImageOfPage":{"@id":"https:\/\/krusetraining.com\/espanol\/certification\/#primaryimage"},"image":{"@id":"https:\/\/krusetraining.com\/espanol\/certification\/#primaryimage"},"thumbnailUrl":"https:\/\/krusetraining.com\/espanol\/wp-content\/uploads\/sites\/4\/2017\/01\/icon-certification.png","datePublished":"2017-01-24T14:33:42+00:00","dateModified":"2022-02-17T16:01:23+00:00","description":"Multi-level certification for injection molding professionals. Learn more about training and certification for you and your team with Kruse Training.","breadcrumb":{"@id":"https:\/\/krusetraining.com\/espanol\/certification\/#breadcrumb"},"inLanguage":"es","potentialAction":[{"@type":"ReadAction","target":["https:\/\/krusetraining.com\/espanol\/certification\/"]}]},{"@type":"ImageObject","inLanguage":"es","@id":"https:\/\/krusetraining.com\/espanol\/certification\/#primaryimage","url":"https:\/\/krusetraining.com\/espanol\/wp-content\/uploads\/sites\/4\/2017\/01\/icon-certification.png","contentUrl":"https:\/\/krusetraining.com\/espanol\/wp-content\/uploads\/sites\/4\/2017\/01\/icon-certification.png","width":100,"height":101,"caption":"icon-certification"},{"@type":"BreadcrumbList","@id":"https:\/\/krusetraining.com\/espanol\/certification\/#breadcrumb","itemListElement":[{"@type":"ListItem","position":1,"name":"Home","item":"https:\/\/krusetraining.com\/espanol\/"},{"@type":"ListItem","position":2,"name":"Certificaci\u00f3n"}]},{"@type":"WebSite","@id":"https:\/\/krusetraining.com\/espanol\/#website","url":"https:\/\/krusetraining.com\/espanol\/","name":"Kruse Training (Spanish)","description":"","publisher":{"@id":"https:\/\/krusetraining.com\/espanol\/#organization"},"potentialAction":[{"@type":"SearchAction","target":{"@type":"EntryPoint","urlTemplate":"https:\/\/krusetraining.com\/espanol\/?s={search_term_string}"},"query-input":{"@type":"PropertyValueSpecification","valueRequired":true,"valueName":"search_term_string"}}],"inLanguage":"es"},{"@type":"Organization","@id":"https:\/\/krusetraining.com\/espanol\/#organization","name":"Kruse Training","url":"https:\/\/krusetraining.com\/espanol\/","logo":{"@type":"ImageObject","inLanguage":"es","@id":"https:\/\/krusetraining.com\/espanol\/#\/schema\/logo\/image\/","url":"https:\/\/krusetraining.com\/espanol\/wp-content\/uploads\/sites\/4\/2018\/06\/KT-LOGO.jpg","contentUrl":"https:\/\/krusetraining.com\/espanol\/wp-content\/uploads\/sites\/4\/2018\/06\/KT-LOGO.jpg","width":1968,"height":1411,"caption":"Kruse Training"},"image":{"@id":"https:\/\/krusetraining.com\/espanol\/#\/schema\/logo\/image\/"},"sameAs":["https:\/\/x.com\/krusetraining","https:\/\/www.linkedin.com\/in\/kruseanalysis\/","https:\/\/www.youtube.com\/channel\/UC2lPoGtSbSMB0BdRgbHm7qw"]}]}},"_links":{"self":[{"href":"https:\/\/krusetraining.com\/espanol\/wp-json\/wp\/v2\/pages\/94","targetHints":{"allow":["GET"]}}],"collection":[{"href":"https:\/\/krusetraining.com\/espanol\/wp-json\/wp\/v2\/pages"}],"about":[{"href":"https:\/\/krusetraining.com\/espanol\/wp-json\/wp\/v2\/types\/page"}],"author":[{"embeddable":true,"href":"https:\/\/krusetraining.com\/espanol\/wp-json\/wp\/v2\/users\/3"}],"replies":[{"embeddable":true,"href":"https:\/\/krusetraining.com\/espanol\/wp-json\/wp\/v2\/comments?post=94"}],"version-history":[{"count":0,"href":"https:\/\/krusetraining.com\/espanol\/wp-json\/wp\/v2\/pages\/94\/revisions"}],"wp:attachment":[{"href":"https:\/\/krusetraining.com\/espanol\/wp-json\/wp\/v2\/media?parent=94"}],"curies":[{"name":"wp","href":"https:\/\/api.w.org\/{rel}","templated":true}]}}